rime factors of 434?
2, 7, 31
List the prime factors of 27664.
2, 7, 13, 19
What are the prime factors of 1826?
2, 11, 83
List the prime factors of 5333.
5333
List the prime factors of 18953.
11, 1723
What are the prime factors of 2915?
5, 11, 53
What are the prime factors of 3800?
2, 5, 19
What are the prime factors of 3271?
3271
What are the prime factors of 133645?
5, 26729
What are the prime factors of 71331?
3, 13, 31, 59
List the prime factors of 3716.
2, 929
List the prime factors of 3332.
2, 7, 17
List the prime factors of 2624.
2, 41
List the prime factors of 96914.
2, 47, 1031
List the prime factors of 3237.
3, 13, 83
What are the prime factors of 5660?
2, 5, 283
What are the prime factors of 19?
19
List the prime factors of 20110.
2, 5, 2011
What are the prime factors of 3691?
3691
What are the prime factors of 89?
89
What are the prime factors of 55537?
19, 37, 79
List the prime factors of 18741.
3, 6247
What are the prime factors of 1616?
2, 101
List the prime factors of 139699.
7, 2851
What are the prime factors of 25443?
3, 11, 257
List the prime factors of 4191.
3, 11, 127
List the prime factors of 4895.
5, 11, 89
What are the prime factors of 5952?
2, 3, 31
What are the prime factors of 19214?
2, 13, 739
List the prime factors of 30153.
3, 19, 23
What are the prime factors of 129?
3, 43
List the prime factors of 906.
2, 3, 151
What are the prime factors of 11245?
5, 13, 173
What are the prime factors of 3757?
13, 17
What are the prime factors of 19157?
19157
What are the prime factors of 30431?
30431
What are the prime factors of 132994?
2, 29, 2293
What are the prime factors of 6866?
2, 3433
List the prime factors of 4818.
2, 3, 11, 73
List the prime factors of 9203.
9203
List the prime factors of 1045.
5, 11, 19
What are the prime factors of 88100?
2, 5, 881
List the prime factors of 821.
821
List the prime factors of 12468.
2, 3, 1039
What are the prime factors of 55489?
7, 7927
What are the prime factors of 941?
941
What are the prime factors of 931?
7, 19
List the prime factors of 12694.
2, 11, 577
What are the prime factors of 18643?
103, 181
What are the prime factors of 2368?
2, 37
List the prime factors of 27474.
2, 3, 19, 241
List the prime factors of 3285.
3, 5, 73
What are the prime factors of 2771?
17, 163
What are the prime factors of 7066?
2, 3533
What are the prime factors of 930?
2, 3, 5, 31
What are the prime factors of 12182?
2, 6091
What are the prime factors of 126?
2, 3, 7
What are the prime factors of 30407?
13, 2339
List the prime factors of 1228.
2, 307
List the prime factors of 15891.
3, 5297
What are the prime factors of 1245?
3, 5, 83
What are the prime factors of 7425?
3, 5, 11
List the prime factors of 35036.
2, 19, 461
List the prime factors of 2840.
2, 5, 71
List the prime factors of 13245.
3, 5, 883
What are the prime factors of 3022?
2, 1511
What are the prime factors of 741?
3, 13, 19
List the prime factors of 4156.
2, 1039
What are the prime factors of 996?
2, 3, 83
What are the prime factors of 1072?
2, 67
List the prime factors of 53353.
53353
List the prime factors of 2070.
2, 3, 5, 23
What are the prime factors of 5252?
2, 13, 101
What are the prime factors of 16495?
5, 3299
What are the prime factors of 821?
821
What are the prime factors of 10462?
2, 5231
List the prime factors of 9216.
2, 3
What are the prime factors of 669?
3, 223
List the prime factors of 5824.
2, 7, 13
What are the prime factors of 429?
3, 11, 13
List the prime factors of 2942.
2, 1471
What are the prime factors of 3047?
11, 277
What are the prime factors of 15337?
7, 313
What are the prime factors of 2151?
3, 239
List the prime factors of 1028.
2, 257
What are the prime factors of 46812?
2, 3, 47, 83
List the prime factors of 9016.
2, 7, 23
What are the prime factors of 1114?
2, 557
What are the prime factors of 2759?
31, 89
List the prime factors of 3673.
3673
List the prime factors of 8289.
3, 307
List the prime factors of 49188.
2, 3, 4099
What are the prime factors of 3518?
2, 1759
What are the prime factors of 107188?
2, 127, 211
List the prime factors of 870.
2, 3, 5, 29
What are the prime factors of 150320?
2, 5, 1879
What are the prime factors of 1809?
3, 67
What are the prime factors of 1226?
2, 613
List the prime factors of 153099.
3, 17011
List the prime factors of 26264.
2, 7, 67
List the prime factors of 22455.
3, 5, 499
What are the prime factors of 162083?
109, 1487
What are the prime factors of 152383?
7, 11, 1979
What are the prime factors of 4096?
2
What are the prime factors of 4184?
2, 523
What are the prime factors of 1626?
2, 3, 271
List the prime factors of 2085.
3, 5, 139
List the prime factors of 7775.
5, 311
What are the prime factors of 42468?
2, 3, 3539
What are the prime factors of 67680?
2, 3, 5, 47
What are the prime factors of 978?
2, 3, 163
What are the prime factors of 117403?
11, 13, 821
List the prime factors of 8880.
2, 3, 5, 37
List the prime factors of 3238.
2, 1619
What are the prime factors of 834?
2, 3, 139
What are the prime factors of 694?
2, 347
List the prime factors of 96127.
97, 991
What are the prime factors of 6228?
2, 3, 173
List the prime factors of 17931.
3, 43, 139
What are the prime factors of 116473?
7, 2377
What are the prime factors of 1456?
2, 7, 13
List the prime factors of 1347.
3, 449
What are the prime factors of 7307?
7307
What are the prime factors of 2098?
2, 1049
What are the prime factors of 6115?
5, 1223
What are the prime factors of 1856?
2, 29
List the prime factors of 3851.
3851
What are the prime factors of 13778?
2, 83
List the prime factors of 51512.
2, 47, 137
List the prime factors of 2600.
2, 5, 13
What are the prime factors of 65889?
3, 7321
What are the prime factors of 958?
2, 479
What are the prime factors of 192544?
2, 11, 547
What are the prime factors of 28474?
2, 23, 619
What are the prime factors of 1507?
11, 137
What are the prime factors of 132262?
2, 13, 5087
What are the prime factors of 94432?
2, 13, 227
List the prime factors of 7427.
7, 1061
List the prime factors of 84.
2, 3, 7
List the prime factors of 1028.
2, 257
List the prime factors of 13732.
2, 3433
What are the prime factors of 15547?
7, 2221
List the prime factors of 1648.
2, 103
List the prime factors of 71.
71
List the prime factors of 15146.
2, 7573
What are the prime factors of 18432?
2, 3
List the prime factors of 16529.
16529
List the prime factors of 220.
2, 5, 11
What are the prime factors of 5803?
7, 829
What are the prime factors of 1181?
1181
What are the prime factors of 542?
2, 271
What are the prime factors of 3852?
2, 3, 107
List the prime factors of 603.
3, 67
List the prime factors of 249.
3, 83
List the prime factors of 19503.
3, 11, 197
List the prime factors of 10389.
3, 3463
What are the prime factors of 232?
2, 29
List the prime factors of 2428.
2, 607
What are the prime factors of 18870?
2, 3, 5, 17, 37
List the prime factors of 8708.
2, 7, 311
List the prime factors of 120407.
7, 103, 167
What are the prime factors of 31121?
31121
List the prime factors of 59648.
2, 233
What are the prime factors of 3187?
3187
List the prime factors of 3074.
2, 29, 53
What are the prime factors of 39088?
2, 7, 349
What are the prime factors of 54153?
3, 11, 547
What are the prime factors of 256?
2
List the prime factors of 1369.
37
What are the prime factors of 19053?
3, 29, 73
List the prime factors of 5605.
5, 19, 59
List the prime factors of 2151.
3, 239
List the prime factors of 94920.
2, 3, 5, 7, 113
What are the prime factors of 20115?
3, 5, 149
List the prime factors of 1143.
3, 127
What are the prime factors of 1178?
2, 19, 31
List the prime factors of 736.
2, 23
What are the prime factors of 413?
7, 59
What are the prime factors of 55549?
13, 4273
List the prime factors of 1328.
2, 83
What are the prime factors of 9207?
3, 11, 31
What are the prime factors of 669?
3, 223
What are the prime factors of 819?
3, 7, 13
What are the prime factors of 9564?
2, 3, 797
List the prime factors of 956.
2, 239
List the prime factors of 1091.
1091
List the prime factors of 14664.
2, 3, 13, 47
What are the prime factors of 92976?
2, 3, 13, 149
List the prime factors of 102584.
2, 12823
What are the prime factors of 1132?
2, 283
List the prime factors of 459